and 3028?
4
What is the greatest common divisor of 3055196 and 292?
292
What is the greatest common divisor of 23171 and 1972?
493
Calculate the greatest common factor of 1778573 and 2168.
271
Calculate the highest common factor of 168 and 1280.
8
What is the greatest common divisor of 365575 and 68937?
2089
What is the highest common divisor of 2448 and 155856?
816
What is the greatest common factor of 384 and 3882?
6
Calculate the greatest common divisor of 590 and 39440.
10
Calculate the greatest common divisor of 1005154 and 894.
298
What is the highest common factor of 20977 and 132?
11
Calculate the highest common factor of 270 and 136440.
90
What is the greatest common factor of 18330 and 39?
39
Calculate the highest common divisor of 4006779 and 843.
843
Calculate the highest common factor of 6836194 and 37.
37
What is the highest common factor of 124 and 2252?
4
Calculate the highest common factor of 2588514 and 474.
474
Calculate the greatest common divisor of 11 and 766502.
11
Calculate the highest common divisor of 7385 and 238.
7
What is the greatest common factor of 140 and 1170?
10
What is the greatest common factor of 2400 and 20850?
150
What is the greatest common divisor of 68 and 87023?
17
Calculate the greatest common divisor of 281 and 15882120.
281
What is the highest common factor of 57 and 33763?
19
What is the greatest common factor of 253 and 187?
11
What is the highest common divisor of 114 and 958911?
57
Calculate the highest common divisor of 116 and 3094242.
58
What is the highest common divisor of 782 and 552?
46
Calculate the highest common factor of 3910 and 316250.
230
Calculate the highest common factor of 7164 and 4157508.
2388
What is the greatest common factor of 73513 and 130889?
1793
What is the greatest common factor of 4305 and 70945?
35
Calculate the greatest common divisor of 1099406 and 406.
14
What is the greatest common factor of 84 and 117474?
42
Calculate the highest common factor of 248010 and 210.
210
What is the highest common factor of 363 and 154033?
121
Calculate the highest common factor of 3 and 201603.
3
What is the highest common factor of 150 and 68950?
50
What is the highest common factor of 6 and 9336?
6
What is the highest common divisor of 427708 and 276?
92
What is the highest common factor of 141777 and 472?
59
What is the highest common factor of 184 and 586868?
92
What is the highest common factor of 5 and 3171?
1
What is the highest common factor of 12 and 1622310?
6
Calculate the highest common factor of 22793295 and 15.
15
What is the highest common divisor of 57 and 24947?
19
What is the greatest common divisor of 50925 and 15132?
291
What is the highest common factor of 25 and 72725?
25
What is the greatest common divisor of 13 and 1459?
1
What is the highest common factor of 61 and 16897?
61
Calculate the highest common divisor of 34438 and 6682.
514
What is the greatest common factor of 196618 and 296?
74
What is the greatest common divisor of 2684 and 2486?
22
What is the greatest common factor of 30 and 1190?
10
What is the greatest common divisor of 826083 and 8679?
789
Calculate the greatest common divisor of 22 and 11794.
2
Calculate the highest common factor of 2 and 94781.
1
Calculate the highest common factor of 854703 and 138.
69
Calculate the greatest common divisor of 126650 and 3400.
850
Calculate the highest common divisor of 1 and 8044.
1
Calculate the greatest common divisor of 2407808 and 104.
104
What is the greatest common factor of 40 and 101840?
40
Calculate the highest common divisor of 29440 and 200.
40
Calculate the highest common divisor of 73716 and 24.
12
Calculate the highest common factor of 375 and 3420.
15
Calculate the highest common factor of 47 and 118722.
47
Calculate the highest common divisor of 1643 and 12879.
53
What is the greatest common divisor of 3969 and 6811?
49
What is the highest common factor of 20034 and 270?
54
Calculate the highest common divisor of 51350 and 9243.
1027
Calculate the highest common factor of 18 and 86229.
9
What is the greatest common divisor of 9118 and 71586?
194
What is the greatest common divisor of 421954 and 130?
26
Calculate the greatest common factor of 22064 and 756.
28
Calculate the greatest common factor of 280240 and 565.
565
What is the highest common factor of 283046 and 6208?
194
Calculate the highest common factor of 65205 and 1725.
345
What is the highest common factor of 385 and 21670?
55
Calculate the highest common divisor of 1378 and 1561963.
689
Calculate the greatest common divisor of 57 and 52383.
57
What is the highest common factor of 3510 and 136110?
390
Calculate the highest common factor of 1120 and 27104.
224
Calculate the greatest common divisor of 9500 and 228.
76
What is the greatest common divisor of 454962 and 12606?
1146
Calculate the highest common divisor of 53 and 90259.
53
What is the highest common factor of 149019 and 78?
39
Calculate the greatest common divisor of 161818 and 2.
2
What is the greatest common factor of 2535 and 351?
39
What is the highest common factor of 165549 and 73842?
1191
What is the highest common factor of 2178 and 9922?
242
What is the highest common divisor of 109 and 29866?
109
What is the highest common factor of 722 and 7486?
38
Calculate the highest common factor of 641457 and 526.
263
Calculate the highest common factor of 2694416 and 376.
376
What is the greatest common divisor of 1 and 86783?
1
What is the highest common divisor of 506 and 686?
2
Calculate the highest common factor of 2211 and 429.
33
Calculate the highest common factor of 8215232 and 736.
736
Calculate the highest common divisor of 88 and 82424.
8
Calculate the greatest common divisor of 4 and 11480.
4
Calculate the highest common factor of 6088 and 24.
8
Calculate the greatest common divisor of 2934 and 50856.
978
What is the greatest common factor of 107955 and 30?
15
Calculate the highest common divisor of 3680 and 330.
10
What is the highest common factor of 1347879 and 16473?
969
Calculate the greatest common factor of 879 and 91123.
293
What is the greatest common divisor of 6485 and 2573248?
1297
Calculate the highest common factor of 153 and 625056.
51
Calculate the greatest common factor of 108 and 253764.
36
Calculate the highest common factor of 7912 and 860.
172
Calculate the greatest common divisor of 21257 and 435.
29
What is the highest common factor of 9162856 and 62?
62
What is the greatest common factor of 4469 and 41?
41
What is the highest common factor of 36301 and 124?
31
What is the highest common divisor of 74186 and 42?
14
Calculate the highest common divisor of 9492 and 20804.
28
Calculate the highest common factor of 957 and 88131.
87
What is the greatest common factor of 105 and 1165?
5
Calculate the highest common divisor of 2241226 and 104.
26
Calculate the highest common factor of 314 and 202.
2
What is the greatest common divisor of 101354 and 306?
34
Calculate the highest common factor of 1148 and 2.
2
Calculate the highest common divisor of 311104 and 104.
8
What is the highest common factor of 10884 and 60?
12
What is the greatest common factor of 2185 and 817?
19
What is the greatest common divisor of 599520 and 1440?
480
What is the greatest common factor of 15741 and 5445?
99
Calculate the highest common divisor of 16528 and 40.
8
Calculate the highest common factor of 940 and 16215.
235
What is the highest common factor of 486 and 3375?
27
What is the highest common factor of 5453 and 931?
133
Calculate the greatest common factor of 2106 and 14274.
234
Calculate the greatest common divisor of 3321 and 80694.
9
What is the highest common factor of 364 and 1176?
28
What is the greatest common divisor of 64 and 3731632?
16
Calculate the greatest common factor of 30 and 41091.
3
Calculate the highest common divisor of 2706 and 1386.
66
Calculate the greatest common divisor of 2763 and 1629.
9
Calculate the highest common divisor of 22743 and 32319.
1197
Calculate the greatest common factor of 324 and 133812.
324
Calculate the greatest common factor of 8690 and 21340.
110
What is the highest common divisor of 12446 and 2156?
98
What is the greatest common divisor of 37 and 103045?
37
What is the greatest common factor of 145